{"id":790,"date":"2021-09-25T21:44:36","date_gmt":"2021-09-25T21:44:36","guid":{"rendered":"http:\/\/www.rocasrojas.com\/wordpress\/?page_id=790"},"modified":"2021-10-10T11:59:10","modified_gmt":"2021-10-10T11:59:10","slug":"service","status":"publish","type":"page","link":"https:\/\/www.rocasrojas.com\/index.php\/service\/","title":{"rendered":"Service"},"content":{"rendered":"\n<p>Samf\u00e4lligheten erbjuder en <a href=\"https:\/\/www.rocasrojas.com\/index.php\/grundservice\/\">grundservice<\/a> grundad p\u00e5 den \u00e5rliga avgiften som best\u00e4ms vid \u00e5rsst\u00e4mman.<\/p>\n\n\n\n<p>Som komplement kan du best\u00e4lla <a href=\"https:\/\/www.rocasrojas.com\/index.php\/extra\/\">extra service<\/a> bara f\u00f6r din egen l\u00e4genhet och detta betalar du sj\u00e4lv efter offert.<\/p>\n\n\n\n<p>L\u00e4s mer om detta p\u00e5 respektive sidor genom l\u00e4nkarna ovan<\/p>\n","protected":false},"excerpt":{"rendered":"<p>Samf\u00e4lligheten erbjuder en grundservice grundad p\u00e5 den \u00e5rliga avgiften som best\u00e4ms vid \u00e5rsst\u00e4mman. Som komplement kan du best\u00e4lla extra service bara f\u00f6r din egen l\u00e4genhet och detta betalar du sj\u00e4lv efter offert. L\u00e4s mer om detta p\u00e5 respektive sidor genom l\u00e4nkarna ovan<\/p>\n","protected":false},"author":2,"featured_media":0,"parent":0,"menu_order":0,"comment_status":"closed","ping_status":"closed","template":"","meta":{"footnotes":""},"class_list":["post-790","page","type-page","status-publish","hentry"],"_links":{"self":[{"href":"https:\/\/www.rocasrojas.com\/index.php\/wp-json\/wp\/v2\/pages\/790","targetHints":{"allow":["GET"]}}],"collection":[{"href":"https:\/\/www.rocasrojas.com\/index.php\/wp-json\/wp\/v2\/pages"}],"about":[{"href":"https:\/\/www.rocasrojas.com\/index.php\/wp-json\/wp\/v2\/types\/page"}],"author":[{"embeddable":true,"href":"https:\/\/www.rocasrojas.com\/index.php\/wp-json\/wp\/v2\/users\/2"}],"replies":[{"embeddable":true,"href":"https:\/\/www.rocasrojas.com\/index.php\/wp-json\/wp\/v2\/comments?post=790"}],"version-history":[{"count":23,"href":"https:\/\/www.rocasrojas.com\/index.php\/wp-json\/wp\/v2\/pages\/790\/revisions"}],"predecessor-version":[{"id":958,"href":"https:\/\/www.rocasrojas.com\/index.php\/wp-json\/wp\/v2\/pages\/790\/revisions\/958"}],"wp:attachment":[{"href":"https:\/\/www.rocasrojas.com\/index.php\/wp-json\/wp\/v2\/media?parent=790"}],"curies":[{"name":"wp","href":"https:\/\/api.w.org\/{rel}","templated":true}]}}